{"id":7974,"date":"2026-01-08T23:24:20","date_gmt":"2026-01-08T22:24:20","guid":{"rendered":"https:\/\/frosty-carver.217-154-19-53.plesk.page\/?page_id=7974"},"modified":"2026-04-11T16:16:12","modified_gmt":"2026-04-11T14:16:12","slug":"home","status":"publish","type":"page","link":"https:\/\/schuelerinnen.junos.at\/","title":{"rendered":"JUNOS Sch\u00fcler:innen"},"content":{"rendered":"\t\t<div data-elementor-type=\"wp-post\" data-elementor-id=\"7974\" class=\"elementor elementor-7974\" data-elementor-post-type=\"page\">\n\t\t\t\t\t\t<section class=\"elementor-section elementor-top-section elementor-element elementor-element-2291e65 elementor-section-boxed elementor-section-height-default elementor-section-height-default\" data-id=\"2291e65\" data-element_type=\"section\" data-e-type=\"section\" data-settings=\"{&quot;background_background&quot;:&quot;classic&quot;}\">\n\t\t\t\t\t\t<div class=\"elementor-container elementor-column-gap-default\">\n\t\t\t\t\t<div class=\"elementor-column elementor-col-100 elementor-top-column elementor-element elementor-element-c2003e9\" data-id=\"c2003e9\" data-element_type=\"column\" data-e-type=\"column\">\n\t\t\t<div class=\"elementor-widget-wrap\">\n\t\t\t\t\t\t\t<\/div>\n\t\t<\/div>\n\t\t\t\t\t<\/div>\n\t\t<\/section>\n\t\t\t\t<section class=\"elementor-section elementor-top-section elementor-element elementor-element-3fcad04 elementor-section-boxed elementor-section-height-default elementor-section-height-default\" data-id=\"3fcad04\" data-element_type=\"section\" data-e-type=\"section\" data-settings=\"{&quot;background_background&quot;:&quot;classic&quot;}\">\n\t\t\t\t\t\t<div class=\"elementor-container elementor-column-gap-default\">\n\t\t\t\t\t<div class=\"elementor-column elementor-col-100 elementor-top-column elementor-element elementor-element-933071d\" data-id=\"933071d\" data-element_type=\"column\" data-e-type=\"column\">\n\t\t\t<div class=\"elementor-widget-wrap\">\n\t\t\t\t\t\t\t<\/div>\n\t\t<\/div>\n\t\t\t\t\t<\/div>\n\t\t<\/section>\n\t\t\t\t<section class=\"elementor-section elementor-top-section elementor-element elementor-element-760fc3a elementor-section-boxed elementor-section-height-default elementor-section-height-default\" data-id=\"760fc3a\" data-element_type=\"section\" data-e-type=\"section\" data-settings=\"{&quot;background_background&quot;:&quot;classic&quot;,&quot;shape_divider_bottom&quot;:&quot;mountains&quot;}\">\n\t\t\t\t\t<div class=\"elementor-shape elementor-shape-bottom\" aria-hidden=\"true\" data-negative=\"false\">\n\t\t\t<svg xmlns=\"http:\/\/www.w3.org\/2000\/svg\" viewBox=\"0 0 1000 100\" preserveAspectRatio=\"none\">\n\t<path class=\"elementor-shape-fill\" opacity=\"0.33\" d=\"M473,67.3c-203.9,88.3-263.1-34-320.3,0C66,119.1,0,59.7,0,59.7V0h1000v59.7 c0,0-62.1,26.1-94.9,29.3c-32.8,3.3-62.8-12.3-75.8-22.1C806,49.6,745.3,8.7,694.9,4.7S492.4,59,473,67.3z\"\/>\n\t<path class=\"elementor-shape-fill\" opacity=\"0.66\" d=\"M734,67.3c-45.5,0-77.2-23.2-129.1-39.1c-28.6-8.7-150.3-10.1-254,39.1 s-91.7-34.4-149.2,0C115.7,118.3,0,39.8,0,39.8V0h1000v36.5c0,0-28.2-18.5-92.1-18.5C810.2,18.1,775.7,67.3,734,67.3z\"\/>\n\t<path class=\"elementor-shape-fill\" d=\"M766.1,28.9c-200-57.5-266,65.5-395.1,19.5C242,1.8,242,5.4,184.8,20.6C128,35.8,132.3,44.9,89.9,52.5C28.6,63.7,0,0,0,0 h1000c0,0-9.9,40.9-83.6,48.1S829.6,47,766.1,28.9z\"\/>\n<\/svg>\t\t<\/div>\n\t\t\t\t\t<div class=\"elementor-container elementor-column-gap-default\">\n\t\t\t\t\t<div class=\"elementor-column elementor-col-100 elementor-top-column elementor-element elementor-element-4bd97d9\" data-id=\"4bd97d9\" data-element_type=\"column\" data-e-type=\"column\">\n\t\t\t<div class=\"elementor-widget-wrap elementor-element-populated\">\n\t\t\t\t\t\t<section class=\"elementor-section elementor-inner-section elementor-element elementor-element-00d1a77 elementor-section-boxed elementor-section-height-default elementor-section-height-default\" data-id=\"00d1a77\" data-element_type=\"section\" data-e-type=\"section\">\n\t\t\t\t\t\t<div class=\"elementor-container elementor-column-gap-default\">\n\t\t\t\t\t<div class=\"elementor-column elementor-col-50 elementor-inner-column elementor-element elementor-element-9bbcbb1\" data-id=\"9bbcbb1\" data-element_type=\"column\" data-e-type=\"column\">\n\t\t\t<div class=\"elementor-widget-wrap elementor-element-populated\">\n\t\t\t\t\t\t<div class=\"elementor-element elementor-element-34e5e4e elementor-widget elementor-widget-heading\" data-id=\"34e5e4e\" data-element_type=\"widget\" data-e-type=\"widget\" data-widget_type=\"heading.default\">\n\t\t\t\t<div class=\"elementor-widget-container\">\n\t\t\t\t\t<h2 class=\"elementor-heading-title elementor-size-default\">ZEIT F\u00dcR EINE NEUE \u00c4RA<\/h2>\t\t\t\t<\/div>\n\t\t\t\t<\/div>\n\t\t\t\t<div class=\"elementor-element elementor-element-1e7144a elementor-widget elementor-widget-text-editor\" data-id=\"1e7144a\" data-element_type=\"widget\" data-e-type=\"widget\" data-widget_type=\"text-editor.default\">\n\t\t\t\t<div class=\"elementor-widget-container\">\n\t\t\t\t\t\t\t\t\t<p data-start=\"120\" data-end=\"236\">1774 hat Maria Theresia das Bildungssystem revolutioniert. Seitdem wurde Schule nur verwaltet, und nicht neu gedacht.<\/p><p data-start=\"238\" data-end=\"271\">Wir finden: Das reicht nicht. JUNOS Sch\u00fcler:innen stehen f\u00fcr Chancengerechtigkeit, Transparenz und Anstand. Wir k\u00e4mpfen f\u00fcr echte Mitbestimmung und eine Sch\u00fcler:innenpolitik, die Probleme nicht verwaltet, sondern l\u00f6st. Schule muss sich an den Sch\u00fcler:innen orientieren, und nicht umgekehrt. Damit jede und jeder den eigenen Bildungsweg selbstbestimmt gestalten kann.<\/p>\t\t\t\t\t\t\t\t<\/div>\n\t\t\t\t<\/div>\n\t\t\t\t<div class=\"elementor-element elementor-element-6c4c1d4 elementor-widget__width-initial elementor-widget elementor-widget-button\" data-id=\"6c4c1d4\" data-element_type=\"widget\" data-e-type=\"widget\" data-widget_type=\"button.default\">\n\t\t\t\t<div class=\"elementor-widget-container\">\n\t\t\t\t\t\t\t\t\t<div class=\"elementor-button-wrapper\">\n\t\t\t\t\t<a class=\"elementor-button elementor-button-link elementor-size-sm elementor-animation-shrink\" href=\"https:\/\/schuelerinnen.junos.at\/?page_id=4973\">\n\t\t\t\t\t\t<span class=\"elementor-button-content-wrapper\">\n\t\t\t\t\t\t\t\t\t<span class=\"elementor-button-text\">UNSER PROGRAMM<\/span>\n\t\t\t\t\t<\/span>\n\t\t\t\t\t<\/a>\n\t\t\t\t<\/div>\n\t\t\t\t\t\t\t\t<\/div>\n\t\t\t\t<\/div>\n\t\t\t\t<div class=\"elementor-element elementor-element-7bcd98e elementor-widget__width-initial elementor-widget-mobile__width-initial elementor-widget elementor-widget-button\" data-id=\"7bcd98e\" data-element_type=\"widget\" data-e-type=\"widget\" data-widget_type=\"button.default\">\n\t\t\t\t<div class=\"elementor-widget-container\">\n\t\t\t\t\t\t\t\t\t<div class=\"elementor-button-wrapper\">\n\t\t\t\t\t<a class=\"elementor-button elementor-button-link elementor-size-sm elementor-animation-shrink\" href=\"https:\/\/schuelerinnen.junos.at\/?page_id=4982\">\n\t\t\t\t\t\t<span class=\"elementor-button-content-wrapper\">\n\t\t\t\t\t\t\t\t\t<span class=\"elementor-button-text\">DEIN BUNDESLAND<\/span>\n\t\t\t\t\t<\/span>\n\t\t\t\t\t<\/a>\n\t\t\t\t<\/div>\n\t\t\t\t\t\t\t\t<\/div>\n\t\t\t\t<\/div>\n\t\t\t\t\t<\/div>\n\t\t<\/div>\n\t\t\t\t<div class=\"elementor-column elementor-col-50 elementor-inner-column elementor-element elementor-element-6433f33\" data-id=\"6433f33\" data-element_type=\"column\" data-e-type=\"column\">\n\t\t\t<div class=\"elementor-widget-wrap elementor-element-populated\">\n\t\t\t\t\t\t<div class=\"elementor-element elementor-element-a9d556d e-transform e-transform elementor-invisible elementor-widget elementor-widget-image\" data-id=\"a9d556d\" data-element_type=\"widget\" data-e-type=\"widget\" data-settings=\"{&quot;_animation&quot;:&quot;slideInRight&quot;,&quot;_transform_rotateZ_effect_hover&quot;:{&quot;unit&quot;:&quot;px&quot;,&quot;size&quot;:10,&quot;sizes&quot;:[]},&quot;_transform_scale_effect_hover&quot;:{&quot;unit&quot;:&quot;px&quot;,&quot;size&quot;:1.3,&quot;sizes&quot;:[]},&quot;_transform_rotateZ_effect_hover_tablet&quot;:{&quot;unit&quot;:&quot;deg&quot;,&quot;size&quot;:&quot;&quot;,&quot;sizes&quot;:[]},&quot;_transform_rotateZ_effect_hover_mobile&quot;:{&quot;unit&quot;:&quot;deg&quot;,&quot;size&quot;:&quot;&quot;,&quot;sizes&quot;:[]},&quot;_transform_scale_effect_hover_tablet&quot;:{&quot;unit&quot;:&quot;px&quot;,&quot;size&quot;:&quot;&quot;,&quot;sizes&quot;:[]},&quot;_transform_scale_effect_hover_mobile&quot;:{&quot;unit&quot;:&quot;px&quot;,&quot;size&quot;:&quot;&quot;,&quot;sizes&quot;:[]}}\" data-widget_type=\"image.default\">\n\t\t\t\t<div class=\"elementor-widget-container\">\n\t\t\t\t\t\t\t\t\t\t\t\t\t\t\t<img fetchpriority=\"high\" decoding=\"async\" width=\"300\" height=\"300\" src=\"https:\/\/schuelerinnen.junos.at\/wp-content\/uploads\/2026\/01\/Design-ohne-Titel-10-300x300.png\" class=\"attachment-medium size-medium wp-image-8101\" alt=\"\" srcset=\"https:\/\/schuelerinnen.junos.at\/wp-content\/uploads\/2026\/01\/Design-ohne-Titel-10-300x300.png 300w, https:\/\/schuelerinnen.junos.at\/wp-content\/uploads\/2026\/01\/Design-ohne-Titel-10-150x150.png 150w, https:\/\/schuelerinnen.junos.at\/wp-content\/uploads\/2026\/01\/Design-ohne-Titel-10-768x768.png 768w, https:\/\/schuelerinnen.junos.at\/wp-content\/uploads\/2026\/01\/Design-ohne-Titel-10-24x24.png 24w, https:\/\/schuelerinnen.junos.at\/wp-content\/uploads\/2026\/01\/Design-ohne-Titel-10-36x36.png 36w, https:\/\/schuelerinnen.junos.at\/wp-content\/uploads\/2026\/01\/Design-ohne-Titel-10-48x48.png 48w, https:\/\/schuelerinnen.junos.at\/wp-content\/uploads\/2026\/01\/Design-ohne-Titel-10.png 1000w\" sizes=\"(max-width: 300px) 100vw, 300px\" \/>\t\t\t\t\t\t\t\t\t\t\t\t\t\t\t<\/div>\n\t\t\t\t<\/div>\n\t\t\t\t\t<\/div>\n\t\t<\/div>\n\t\t\t\t\t<\/div>\n\t\t<\/section>\n\t\t\t\t\t<\/div>\n\t\t<\/div>\n\t\t\t\t\t<\/div>\n\t\t<\/section>\n\t\t\t\t<section class=\"elementor-section elementor-top-section elementor-element elementor-element-e0fbdf0 elementor-section-full_width elementor-section-height-default elementor-section-height-default\" data-id=\"e0fbdf0\" data-element_type=\"section\" data-e-type=\"section\">\n\t\t\t\t\t\t<div class=\"elementor-container elementor-column-gap-default\">\n\t\t\t\t\t<div class=\"elementor-column elementor-col-100 elementor-top-column elementor-element elementor-element-9d5b4f1\" data-id=\"9d5b4f1\" data-element_type=\"column\" data-e-type=\"column\">\n\t\t\t<div class=\"elementor-widget-wrap elementor-element-populated\">\n\t\t\t\t\t\t<section class=\"elementor-section elementor-inner-section elementor-element elementor-element-e1231df elementor-section-full_width elementor-section-height-default elementor-section-height-default\" data-id=\"e1231df\" data-element_type=\"section\" data-e-type=\"section\">\n\t\t\t\t\t\t<div class=\"elementor-container elementor-column-gap-default\">\n\t\t\t\t\t<div class=\"elementor-column elementor-col-50 elementor-inner-column elementor-element elementor-element-edb9eae\" data-id=\"edb9eae\" data-element_type=\"column\" data-e-type=\"column\">\n\t\t\t<div class=\"elementor-widget-wrap elementor-element-populated\">\n\t\t\t\t\t\t<div class=\"elementor-element elementor-element-d2b0bcf e-transform e-transform elementor-invisible elementor-widget elementor-widget-image\" data-id=\"d2b0bcf\" data-element_type=\"widget\" data-e-type=\"widget\" data-settings=\"{&quot;_animation&quot;:&quot;slideInLeft&quot;,&quot;_transform_rotateZ_effect_hover&quot;:{&quot;unit&quot;:&quot;px&quot;,&quot;size&quot;:-10,&quot;sizes&quot;:[]},&quot;_transform_scale_effect_hover&quot;:{&quot;unit&quot;:&quot;px&quot;,&quot;size&quot;:1.2,&quot;sizes&quot;:[]},&quot;_transform_rotateZ_effect_hover_tablet&quot;:{&quot;unit&quot;:&quot;deg&quot;,&quot;size&quot;:&quot;&quot;,&quot;sizes&quot;:[]},&quot;_transform_rotateZ_effect_hover_mobile&quot;:{&quot;unit&quot;:&quot;deg&quot;,&quot;size&quot;:&quot;&quot;,&quot;sizes&quot;:[]},&quot;_transform_scale_effect_hover_tablet&quot;:{&quot;unit&quot;:&quot;px&quot;,&quot;size&quot;:&quot;&quot;,&quot;sizes&quot;:[]},&quot;_transform_scale_effect_hover_mobile&quot;:{&quot;unit&quot;:&quot;px&quot;,&quot;size&quot;:&quot;&quot;,&quot;sizes&quot;:[]}}\" data-widget_type=\"image.default\">\n\t\t\t\t<div class=\"elementor-widget-container\">\n\t\t\t\t\t\t\t\t\t\t\t\t\t\t\t<img decoding=\"async\" width=\"800\" height=\"800\" src=\"https:\/\/schuelerinnen.junos.at\/wp-content\/uploads\/2026\/01\/Design-ohne-Titel-4.png\" class=\"attachment-large size-large wp-image-8065\" alt=\"\" srcset=\"https:\/\/schuelerinnen.junos.at\/wp-content\/uploads\/2026\/01\/Design-ohne-Titel-4.png 1000w, https:\/\/schuelerinnen.junos.at\/wp-content\/uploads\/2026\/01\/Design-ohne-Titel-4-300x300.png 300w, https:\/\/schuelerinnen.junos.at\/wp-content\/uploads\/2026\/01\/Design-ohne-Titel-4-150x150.png 150w, https:\/\/schuelerinnen.junos.at\/wp-content\/uploads\/2026\/01\/Design-ohne-Titel-4-768x768.png 768w, https:\/\/schuelerinnen.junos.at\/wp-content\/uploads\/2026\/01\/Design-ohne-Titel-4-24x24.png 24w, https:\/\/schuelerinnen.junos.at\/wp-content\/uploads\/2026\/01\/Design-ohne-Titel-4-36x36.png 36w, https:\/\/schuelerinnen.junos.at\/wp-content\/uploads\/2026\/01\/Design-ohne-Titel-4-48x48.png 48w\" sizes=\"(max-width: 800px) 100vw, 800px\" \/>\t\t\t\t\t\t\t\t\t\t\t\t\t\t\t<\/div>\n\t\t\t\t<\/div>\n\t\t\t\t\t<\/div>\n\t\t<\/div>\n\t\t\t\t<div class=\"elementor-column elementor-col-50 elementor-inner-column elementor-element elementor-element-149caaf\" data-id=\"149caaf\" data-element_type=\"column\" data-e-type=\"column\">\n\t\t\t<div class=\"elementor-widget-wrap elementor-element-populated\">\n\t\t\t\t\t\t<div class=\"elementor-element elementor-element-616473e elementor-widget elementor-widget-heading\" data-id=\"616473e\" data-element_type=\"widget\" data-e-type=\"widget\" data-widget_type=\"heading.default\">\n\t\t\t\t<div class=\"elementor-widget-container\">\n\t\t\t\t\t<h2 class=\"elementor-heading-title elementor-size-default\">DU KANNST ZUKUNFT SCHREIBEN<\/h2>\t\t\t\t<\/div>\n\t\t\t\t<\/div>\n\t\t\t\t<div class=\"elementor-element elementor-element-8bdb076 elementor-widget elementor-widget-text-editor\" data-id=\"8bdb076\" data-element_type=\"widget\" data-e-type=\"widget\" data-widget_type=\"text-editor.default\">\n\t\t\t\t<div class=\"elementor-widget-container\">\n\t\t\t\t\t\t\t\t\t<p data-start=\"102\" data-end=\"258\">Vielleicht hast du schon oft gedacht: So kann Schule nicht bleiben.<br data-start=\"183\" data-end=\"186\" \/>Zu wenig Mitbestimmung. Zu viele Regeln von gestern. Zu wenig Vertrauen.<\/p><p data-start=\"260\" data-end=\"417\">Genau deshalb gibt es JUNOS Sch\u00fcler:innen.<br data-start=\"302\" data-end=\"305\" \/>Wir glauben daran, dass Schule fairer, offener und mutiger sein kann und muss, damit wir Sch\u00fcler:innen endlich ernst genommen werden.<\/p><p data-start=\"419\" data-end=\"551\">Wenn auch du etwas ver\u00e4ndern willst, statt dich mit dem Status Quo abzufinden, bist du bei uns genau richtig.<br data-start=\"495\" data-end=\"498\" \/>Mach mit und ver\u00e4ndere das Schulsystem von morgen!<\/p>\t\t\t\t\t\t\t\t<\/div>\n\t\t\t\t<\/div>\n\t\t\t\t<div class=\"elementor-element elementor-element-48fed95 elementor-widget__width-initial elementor-widget elementor-widget-button\" data-id=\"48fed95\" data-element_type=\"widget\" data-e-type=\"widget\" data-widget_type=\"button.default\">\n\t\t\t\t<div class=\"elementor-widget-container\">\n\t\t\t\t\t\t\t\t\t<div class=\"elementor-button-wrapper\">\n\t\t\t\t\t<a class=\"elementor-button elementor-button-link elementor-size-sm elementor-animation-shrink\" href=\"https:\/\/schuelerinnen.junos.at\/?page_id=7648\">\n\t\t\t\t\t\t<span class=\"elementor-button-content-wrapper\">\n\t\t\t\t\t\t\t\t\t<span class=\"elementor-button-text\">MITGLIED WERDEN<\/span>\n\t\t\t\t\t<\/span>\n\t\t\t\t\t<\/a>\n\t\t\t\t<\/div>\n\t\t\t\t\t\t\t\t<\/div>\n\t\t\t\t<\/div>\n\t\t\t\t<div class=\"elementor-element elementor-element-422ff83 elementor-widget__width-initial elementor-widget-mobile__width-initial elementor-widget elementor-widget-button\" data-id=\"422ff83\" data-element_type=\"widget\" data-e-type=\"widget\" data-widget_type=\"button.default\">\n\t\t\t\t<div class=\"elementor-widget-container\">\n\t\t\t\t\t\t\t\t\t<div class=\"elementor-button-wrapper\">\n\t\t\t\t\t<a class=\"elementor-button elementor-button-link elementor-size-sm elementor-animation-shrink\" href=\"https:\/\/schuelerinnen.junos.at\/?page_id=8011\">\n\t\t\t\t\t\t<span class=\"elementor-button-content-wrapper\">\n\t\t\t\t\t\t\t\t\t<span class=\"elementor-button-text\">KONTAKTIERE UNS<\/span>\n\t\t\t\t\t<\/span>\n\t\t\t\t\t<\/a>\n\t\t\t\t<\/div>\n\t\t\t\t\t\t\t\t<\/div>\n\t\t\t\t<\/div>\n\t\t\t\t\t<\/div>\n\t\t<\/div>\n\t\t\t\t\t<\/div>\n\t\t<\/section>\n\t\t\t\t\t<\/div>\n\t\t<\/div>\n\t\t\t\t\t<\/div>\n\t\t<\/section>\n\t\t\t\t<\/div>\n\t\t","protected":false},"excerpt":{"rendered":"<p>ZEIT F\u00dcR EINE NEUE \u00c4RA 1774 hat Maria Theresia das Bildungssystem revolutioniert. Seitdem wurde Schule nur verwaltet, und nicht neu gedacht. Wir finden: Das reicht nicht. JUNOS Sch\u00fcler:innen stehen f\u00fcr Chancengerechtigkeit, Transparenz und Anstand. Wir k\u00e4mpfen f\u00fcr echte Mitbestimmung und eine Sch\u00fcler:innenpolitik, die Probleme nicht verwaltet, sondern l\u00f6st. Schule muss sich an den Sch\u00fcler:innen orientieren, [&hellip;]<\/p>\n","protected":false},"author":2,"featured_media":0,"parent":0,"menu_order":0,"comment_status":"closed","ping_status":"closed","template":"","meta":{"_acf_changed":false,"footnotes":""},"class_list":["post-7974","page","type-page","status-publish","hentry"],"pp_force_visibility":null,"pp_subpost_visibility":null,"pp_inherited_force_visibility":null,"pp_inherited_subpost_visibility":null,"acf":[],"_links":{"self":[{"href":"https:\/\/schuelerinnen.junos.at\/wp-json\/wp\/v2\/pages\/7974","targetHints":{"allow":["GET"]}}],"collection":[{"href":"https:\/\/schuelerinnen.junos.at\/wp-json\/wp\/v2\/pages"}],"about":[{"href":"https:\/\/schuelerinnen.junos.at\/wp-json\/wp\/v2\/types\/page"}],"author":[{"embeddable":true,"href":"https:\/\/schuelerinnen.junos.at\/wp-json\/wp\/v2\/users\/2"}],"replies":[{"embeddable":true,"href":"https:\/\/schuelerinnen.junos.at\/wp-json\/wp\/v2\/comments?post=7974"}],"version-history":[{"count":55,"href":"https:\/\/schuelerinnen.junos.at\/wp-json\/wp\/v2\/pages\/7974\/revisions"}],"predecessor-version":[{"id":8510,"href":"https:\/\/schuelerinnen.junos.at\/wp-json\/wp\/v2\/pages\/7974\/revisions\/8510"}],"wp:attachment":[{"href":"https:\/\/schuelerinnen.junos.at\/wp-json\/wp\/v2\/media?parent=7974"}],"curies":[{"name":"wp","href":"https:\/\/api.w.org\/{rel}","templated":true}]}}